1513 + 0?
1513
In base 4, what is -1131321233 - 1?
-1131321300
In base 16, what is 18 + -5d86?
-5d6e
In base 14, what is -1 - -18648?
18647
In base 11, what is -7 + -13a041?
-13a048
In base 4, what is 13321 + 210222?
230203
In base 2, what is -11 + -10110110101011010111?
-10110110101011011010
In base 2, what is -100111011111 - 10101?
-100111110100
In base 10, what is -8980 - -614?
-8366
In base 7, what is -6202416 - -4?
-6202412
In base 11, what is 221067 - -1?
221068
In base 11, what is 1a8346 - 5?
1a8341
In base 10, what is -28860 - -3?
-28857
In base 15, what is -2d1b - 3?
-2d1e
In base 6, what is -104 - -10?
-54
In base 15, what is 9719 + -5?
9714
In base 8, what is 23011 - -16?
23027
In base 13, what is 2a992 - -2?
2a994
In base 4, what is 11 - -21301210?
21301221
In base 8, what is 5 + -14165?
-14160
In base 9, what is 12 + -55437?
-55425
In base 9, what is -645 - 215?
-861
In base 12, what is 5 + 18770b?
187714
In base 16, what is -519f - 3?
-51a2
In base 3, what is -20 - -100122000?
100121210
In base 14, what is 23c - 54?
1c8
In base 15, what is 5 - 103649?
-103644
In base 14, what is -4b6591 - -3?
-4b658c
In base 12, what is -28539 - -1?
-28538
In base 2, what is 11100001 + 1000001110?
1011101111
In base 15, what is 43dc + -2?
43da
In base 7, what is -6 + -32254?
-32263
In base 3, what is 11 + 1022111?
1022122
In base 8, what is -23 - -30637?
30614
In base 9, what is -1212 - 6?
-1218
In base 8, what is -142300 + 0?
-142300
In base 2, what is -1011100001101110 + 100010?
-1011100001001100
In base 12, what is -827 - -40?
-7a7
In base 9, what is 11468 - -12?
11481
In base 11, what is 5 - -294266?
294270
In base 14, what is -d0 + dd?
d
In base 10, what is 28 - -683?
711
In base 4, what is -30 - 3221032?
-3221122
In base 11, what is -10a7806 - 3?
-10a7809
In base 9, what is 30 + -27627?
-27587
In base 6, what is -3200 + -1?
-3201
In base 2, what is 10011001001111010110 - -1?
10011001001111010111
In base 11, what is 32194 - 0?
32194
In base 6, what is 5110 - 24?
5042
In base 14, what is 3 + -136d8?
-136d5
In base 5, what is -224 - 3?
-232
In base 13, what is -6c19 - -4?
-6c15
In base 5, what is -433203 - -111?
-433042
In base 5, what is -32120212 + 3?
-32120204
In base 14, what is -1cd - -20?
-1ad
In base 5, what is -30 - 2401111?
-2401141
In base 2, what is -10 + 11110101110101?
11110101110011
In base 13, what is -3 - -186a4?
186a1
In base 16, what is -13 - 1d3?
-1e6
In base 13, what is 422a + -b?
421c
In base 8, what is -316 - -424?
106
In base 16, what is 46a - 4?
466
In base 8, what is -341402 + -2?
-341404
In base 12, what is -16a + 198?
2a
In base 5, what is -41224424 - 11?
-41224440
In base 15, what is 24 - -108?
12c
In base 4, what is 11 - 30233011?
-30233000
In base 10, what is -172 - -3469?
3297
In base 2, what is -11000111011110011011 + -1?
-11000111011110011100
In base 2, what is 110111011000010 - 100?
110111010111110
In base 11, what is 16 - -159a6?
15a11
In base 13, what is 36 - a870?
-a837
In base 13, what is 11769 - 4?
11765
In base 12, what is -102 - -1?
-101
In base 5, what is -1011032 + 112?
-1010420
In base 7, what is -11 - -15141?
15130
In base 14, what is 14 - -24959?
2496d
In base 6, what is 2 - -1312323?
1312325
In base 11, what is -31 - 5530?
-5561
In base 16, what is 7 - -1cd1c?
1cd23
In base 12, what is 1871 + -2?
186b
In base 12, what is -ba8742 - 2?
-ba8744
In base 13, what is 21203 - 9?
211c7
In base 2, what is -100 + -1000010101001000?
-1000010101001100
In base 2, what is -1001000000101 + 10?
-1001000000011
In base 14, what is -70 - 5bb3?
-5c43
In base 9, what is 0 + 18635?
18635
In base 10, what is 4555 - -1341?
5896
In base 11, what is 3 + -6339?
-6336
In base 14, what is d2a - d?
d1b
In base 14, what is 16db269 - 5?
16db264
In base 11, what is 43588a1 + 4?
43588a5
In base 11, what is 17103 - 10a?
16aa4
In base 10, what is 0 - -1858?
1858
In base 12, what is 2 - 32717?
-32715
In base 2, what is -10001 + -1001101101011101?
-1001101101101110
In base 7, what is -2 - 44012?
-44014
In base 7, what is -2542003 - 4?
-2542010
In base 16, what is 3 + 3f4c?
3f4f
In base 11, what is -2592 + 71?
-2521
In base 16, what is -b1f - 20?
-b3f
In base 11, what is 10 + -4357?
-4347
In base 7, what is -116 - 31112?
-31231
In base 11, what is 1204 - -4?
1208
In base 10, what is 107 + 2385?
2492
In base 6, what is -4 + -515233?
-515241
In base 4, what is 23320 + -3211?
20103
In base 10, what is -132407 - 4?
-132411
In base 2, what is -11001 + 1000001001100?
1000000110011
In base 5, what is -43 + -1100012?
-1100110
In base 4, what is 301220 + -333?
300221
In base 15, what is -8b45 + -4?
-8b49
In base 16, what is 596 + a?
5a0
In base 11, what is -488 + 18?
-470
In base 8, what is -23321 - 43?
-23364
In base 13, what is -5 + 13c75?
13c70
In base 12, what is -3a86a2 + 0?
-3a86a2
In base 13, what is 1bc + -98?
124
In base 16, what is -3dd2 + -4?
-3dd6
In base 2, what is 10000000001 + -10000000?
1110000001
In base 14, what is -1081 + -b?
-108c
In base 12, what is 3a4 - -b1?
495
In base 2, what is 100 - -100110101010000?
100110101010100
In base 3, what is 1 + -22120120212?
-22120120211
In base 12, what is a74 + 433?
12a7
In base 14, what is -20 + -18a?
-1aa
In base 14, what is 5 + -77375?
-77370
In base 12, what is 76 + 139b?
1455
In base 14, what is -6 + 559a5?
5599d
In base 3, what is 12 + -11110011002?
-11110010220
In base 12, what is b1 - 5859?
-5768
In base 16, what is -1c87 + 45?
-1c42
In base 13, what is -c15 + -15?
-c2a
In base 12, what is -1135 - -15?
-1120
In base 7, what is -2615012 + 1?
-2615011
In base 3, what is -22 + -1102001222?
-1102002021
In base 8, what is 17 - -1620?
1637
In base 11, what is 2 - -366a?
3671
In base 13, what is -254519 + -2?
-25451b
In base 14, what is 5 - -1304?
1309
In base 12, what is 23 - -1282?
12a5
In base 15, what is 473a1 - 0?
473a1
In base 2, what is 0 - 1011000111011110?
-1011000111011110
In base 14, what is 0 - 1296b?
-1296b
In base 9, what is -13 + 25657?
25644
In base 5, what is 11 - 24133?
-24122
In base 15, what is -15adc8 + -1?
-15adc9
In base 12, what is 6b - 5545?
-5496
In base 2, what is 10010111000000010 - 10?
10010111000000000
In base 14, what is -83b0 + 23?
-838b
In base 13, what is 17aa - 13?
1797
In base 14, what is 6b88 + 8?
6b92
In base 7, what is -41253 + -110?
-41363
In base 8, what is -4 - 4001362?
-4001366
In base 8, what is -11670 + -1065?
-12755
In base 16, what is 5 - -154b?
1550
In base 7, what is 2 - 16506?
-16504
In base 6, what is 540130 + 25?
540155
In base 11, what is -11a548 + -5?
-11a552
In base 4, what is -102032211 - 112?
-102032323
In base 15, what is -12e6d - 7?
-12e75
In base 11, what is -a + 320a7?
32098
In base 15, what is -7 + 121be?
121b7
In base 10, what is 1 - -40469?
40470
In base 15, what is -2 + 1e49e?
1e49c
In base 8, what is 1254445 - -4?
1254451
In base 14, what is 146 + -75d?
-617
In base 2, what is 110001000000 - -11000?
110001011000
In base 14, what is -7 - 7034?
-703b
In base 9, what is 23 - -1700?
1723
In base 3, what is 1111220 + -10101?
1101112
In base 11, what is 554 + 13?
567
In base 16, what is -5 - 8e05?
-8e0a
In base 10, what is -5 + 649985?
649980
In base 3, what is -102002 - 2222?
-112001
In base 8, what is 1 + 5516002?
5516003
In base 3, what is -1000 - -112120?
111120
In base 4, what is 1213 - 30233?
-23020
In base 11, what is -59 - 1105?
-1163
In base 3, what is -10002101 - -21?
-10002010
In base 11, what is -2453 + -5?
-2458
In base 6, what is 5145 + -4203?
542
In base 6, what is -12 - -12313?
12301
In base 16, what is 3b76 - -11?
3b87
In base 7, what is -34 + -22100?
-22134
In base 6, what is 5204 + -410?
4354
In base 9, what is -1 + 338084?
338083
In base 16, what is -4bc24 + -1?
-4bc25
In base 9, what is -2107 + 606?
-1401
In base 10, what is -1871 + 185?
-1686
In base 4, what is 221 + -10313331?
-10313110
In base 3, what is 12120121101210 - -2?
12120121101212
In base 13, what is -1b + 3760?
3742
In base 11, what is -89684 + 3?
-89681
In base 5, what is 4 + -114432?
-114423
In base 4, what is 221 + -32332?
-32111
In base 14, what is 74dac3 - 4?
74dabd
In base 3, what is -1 - -1211101220?
1211101212
In base 7, what is -2402 + -2011?
-4413
In base 2, what is -1000110 - -11000100100?
10111011110
In base 16, what is -156de +